igit of 25332668?
6
What is the ten thousands digit of 39678619?
7
What is the ten millions digit of 113116367?
1
What is the thousands digit of 1475191485?
1
What is the units digit of 443104346?
6
What is the tens digit of 426648882?
8
What is the ten millions digit of 1812927059?
1
What is the thousands digit of 6061145142?
5
What is the hundred thousands digit of 35022888?
0
What is the hundred millions digit of 1637282034?
6
What is the units digit of 51100772?
2
What is the millions digit of 144371290?
4
What is the ten millions digit of 42894321?
4
What is the thousands digit of 69441662?
1
What is the tens digit of 5840800678?
7
What is the millions digit of 2991815?
2
What is the tens digit of 139820001?
0
What is the units digit of 45736966?
6
What is the hundred thousands digit of 940610423?
6
What is the ten millions digit of 808940278?
0
What is the units digit of 13267902?
2
What is the hundred millions digit of 3270364108?
2
What is the millions digit of 200406347?
0
What is the thousands digit of 9599809?
9
What is the ten thousands digit of 31438919?
3
What is the hundred thousands digit of 27914962?
9
What is the hundreds digit of 471395189?
1
What is the hundred millions digit of 172021076?
1
What is the thousands digit of 152928475?
8
What is the thousands digit of 949919174?
9
What is the hundreds digit of 420051229?
2
What is the millions digit of 117472950?
7
What is the tens digit of 373154518?
1
What is the tens digit of 1006610209?
0
What is the thousands digit of 79862449?
2
What is the tens digit of 205676668?
6
What is the hundred thousands digit of 49734224?
7
What is the hundred millions digit of 1030264803?
0
What is the ten thousands digit of 805311377?
1
What is the ten millions digit of 111607193?
1
What is the thousands digit of 43357138?
7
What is the hundred thousands digit of 58489352?
4
What is the units digit of 137024281?
1
What is the hundreds digit of 261286812?
8
What is the hundred thousands digit of 695205276?
2
What is the units digit of 1206553262?
2
What is the units digit of 315268512?
2
What is the ten millions digit of 1293249937?
9
What is the billions digit of 5092801766?
5
What is the tens digit of 39326707?
0
What is the tens digit of 52381532?
3
What is the hundred millions digit of 190294860?
1
What is the hundreds digit of 3997757398?
3
What is the hundred millions digit of 658088274?
6
What is the hundred thousands digit of 125646785?
6
What is the units digit of 2643349458?
8
What is the thousands digit of 3330192?
0
What is the thousands digit of 6517947474?
7
What is the thousands digit of 9332453004?
3
What is the tens digit of 623330401?
0
What is the thousands digit of 8271?
8
What is the ten thousands digit of 80354427?
5
What is the hundreds digit of 94677678?
6
What is the hundred millions digit of 154473083?
1
What is the ten thousands digit of 2102143867?
4
What is the ten thousands digit of 345333603?
3
What is the thousands digit of 20798512?
8
What is the ten thousands digit of 8203183?
0
What is the tens digit of 1219305323?
2
What is the hundreds digit of 4191972119?
1
What is the ten millions digit of 209542618?
0
What is the billions digit of 1873506909?
1
What is the thousands digit of 168161597?
1
What is the units digit of 24985679?
9
What is the units digit of 674850576?
6
What is the ten thousands digit of 955948768?
4
What is the millions digit of 25829742?
5
What is the tens digit of 41472722?
2
What is the ten thousands digit of 774618104?
1
What is the tens digit of 12756421?
2
What is the thousands digit of 23719402?
9
What is the millions digit of 48251198?
8
What is the tens digit of 1927056999?
9
What is the ten millions digit of 302168697?
0
What is the millions digit of 84968465?
4
What is the units digit of 445109394?
4
What is the ten thousands digit of 1204763823?
6
What is the hundred thousands digit of 357012466?
0
What is the units digit of 461235519?
9
What is the thousands digit of 271060834?
0
What is the billions digit of 1564855980?
1
What is the ten millions digit of 2904166203?
0
What is the hundred thousands digit of 42588440?
5
What is the hundred millions digit of 183176532?
1
What is the units digit of 27865752?
2
What is the units digit of 539268547?
7
What is the tens digit of 114098086?
8
What is the tens digit of 16617162?
6
What is the tens digit of 2507917315?
1
What is the tens digit of 39932667?
6
What is the tens digit of 1953573157?
5
What is the millions digit of 149955938?
9
What is the tens digit of 1833025399?
9
What is the hundreds digit of 65357288?
2
What is the tens digit of 673300817?
1
What is the hundreds digit of 194606936?
9
What is the hundred thousands digit of 1145457049?
4
What is the thousands digit of 21762437?
2
What is the thousands digit of 136180128?
0
What is the millions digit of 2594481322?
4
What is the hundred thousands digit of 10518843?
5
What is the thousands digit of 2963608985?
8
What is the hundred thousands digit of 21763446?
7
What is the millions digit of 409568471?
9
What is the hundred thousands digit of 233188468?
1
What is the hundred thousands digit of 192915808?
9
What is the thousands digit of 29822263?
2
What is the ten thousands digit of 211782701?
8
What is the tens digit of 698429615?
1
What is the ten thousands digit of 1217091548?
9
What is the hundred thousands digit of 1712203221?
2
What is the units digit of 3719201?
1
What is the millions digit of 68065555?
8
What is the units digit of 1260221147?
7
What is the hundred thousands digit of 75404363?
4
What is the thousands digit of 56064967?
4
What is the thousands digit of 582008709?
8
What is the millions digit of 470579140?
0
What is the ten millions digit of 33753733?
3
What is the ten millions digit of 836598988?
3
What is the tens digit of 186559846?
4
What is the ten millions digit of 988665204?
8
What is the ten thousands digit of 714736517?
3
What is the ten millions digit of 303791229?
0
What is the millions digit of 132481935?
2
What is the units digit of 438984021?
1
What is the ten thousands digit of 136565951?
6
What is the millions digit of 958366449?
8
What is the thousands digit of 64551532?
1
What is the units digit of 91552571?
1
What is the ten millions digit of 35153692?
3
What is the tens digit of 136345651?
5
What is the hundred thousands digit of 447132968?
1
What is the hundreds digit of 3169493002?
0
What is the hundred thousands digit of 5228385768?
3
What is the millions digit of 48192899?
8
What is the ten millions digit of 1567108975?
6
What is the hundreds digit of 6762397?
3
What is the hundred millions digit of 4862984539?
8
What is the units digit of 274881331?
1
What is the hundreds digit of 4508582?
5
What is the millions digit of 7767352959?
7
What is the ten millions digit of 1372333462?
7
What is the hundred thousands digit of 43792322?
7
What is the units digit of 34854604?
4
What is the millions digit of 232361763?
2
What is the hundreds digit of 48873955?
9
What is the ten millions digit of 597415335?
9
What is the hundred thousands digit of 13041800?
0
What is the units digit of 1193866674?
4
What is the thousands digit of 365944153?
4
What is the units digit of 24353490?
0
What is the tens digit of 32125137?
3
What is the units digit of 4352724878?
8
What is the ten thousands digit of 962402847?
0
What is the thousands digit of 1057199099?
9
What is the ten millions digit of 1647778527?
4
What is the thousands digit of 388787975?
7
What is the ten millions digit of 2317609775?
1
What is the hundreds digit of 158480556?
5
What is the ten millions digit of 149607406?
4
What is the billions digit of 2665241486?
2
What is the ten thousands digit of 710036875?
3
What is the thousands digit of 945014825?
4
What is the ten millions digit of 7302656703?
0
What is the units digit of 215452010?
0
What is the tens digit of 490952863?
6
What is the millions digit of 703436218?
3
What is the billions digit of 1432224608?
1
What is the millions digit of 59962750?
9
What is the tens digit of 292288425?
2
What is the hundred millions digit of 317075435?
3
What is the hundred thousands digit of 3617351?
6
What is the millions digit of 472301102?
2
What is the ten millions digit of 44990707?
4